{"id":1238,"date":"2026-04-09T20:07:26","date_gmt":"2026-04-09T18:07:26","guid":{"rendered":"https:\/\/www.afdaarab.fr\/?page_id=1238"},"modified":"2026-04-09T20:07:26","modified_gmt":"2026-04-09T18:07:26","slug":"journee-detude-du-5-avril-2025","status":"publish","type":"page","link":"https:\/\/www.afdaarab.fr\/index.php\/journee-detude-du-5-avril-2025\/","title":{"rendered":"Journ\u00e9e d&#8217;\u00e9tude du 5 avril 2025"},"content":{"rendered":"<p><strong>Compte rendu de la journ\u00e9e d&#8217;\u00e9tudes<\/strong><\/p>\n<p><strong>\u00ab La place du dictionnaire dans l\u2019enseignement de l\u2019arabe \u00bb<\/strong><\/p>\n<p><strong>Universit\u00e9 de Lorraine \u2013 En partenariat avec l\u2019AFDA<\/strong><\/p>\n<p><strong>Samedi 5 avril 2025<\/strong><\/p>\n<p>Le samedi 5 avril 2025 s\u2019est tenue, \u00e0 l\u2019Universit\u00e9 de Lorraine, en partenariat avec l\u2019AFDA, une journ\u00e9e d\u2019\u00e9tudes consacr\u00e9e \u00e0 la place du dictionnaire dans l\u2019enseignement de l\u2019arabe en France.<\/p>\n<p>Douze communications ont \u00e9t\u00e9 pr\u00e9sent\u00e9es, alternant entre r\u00e9flexions th\u00e9oriques approfondies et t\u00e9moignages personnels riches d\u2019exp\u00e9rience.<\/p>\n<p>Certaines interventions ont propos\u00e9 des analyses pouss\u00e9es sur les sp\u00e9cificit\u00e9s des dictionnaires arabes, qu\u2019ils soient bilingues ou monolingues, en mettant en lumi\u00e8re leur usage dans le paysage didactique francophone depuis le XIXe si\u00e8cle jusqu\u2019\u00e0 nos jours.<\/p>\n<p>D\u2019autres communications ont pris la forme de t\u00e9moignages passionn\u00e9s, mettant en \u00e9vidence le r\u00f4le essentiel du dictionnaire dans l\u2019enseignement et la traduction.<\/p>\n<p>Les intervenants ont soulign\u00e9 qu\u2019\u00eatre un bon traducteur ou un bon enseignant ne repose pas uniquement sur la ma\u00eetrise des outils lexicographiques, mais requiert \u00e9galement une sensibilit\u00e9 linguistique, une culture g\u00e9n\u00e9rale \u00e9tendue \u2013 presque encyclop\u00e9dique \u2013 et une capacit\u00e9 \u00e0 transmettre \u00e0 la fois les sens et l\u2019amour de la langue arabe.<\/p>\n<p>Par ailleurs, plusieurs interventions ont mis l\u2019accent sur le parcours personnel des intervenants avec les dictionnaires : leur utilisation, mais aussi leur conception. Deux auteurs chevronn\u00e9s de dictionnaires arabes ont ainsi partag\u00e9 leur trajectoire remarquable, d\u00e9but\u00e9e sur les bancs de l\u2019\u00e9cole dans les ann\u00e9es 1970, et poursuivie jusqu\u2019\u00e0 l\u2019\u00e9poque actuelle, marqu\u00e9e par les bouleversements li\u00e9s \u00e0 l\u2019intelligence artificielle. Tout en reconnaissant les limites et les risques de cette derni\u00e8re, ils ont insist\u00e9 sur l\u2019importance de continuer \u00e0 valoriser l\u2019intelligence humaine dans l\u2019interpr\u00e9tation lexicale, \u00e0 travers la richesse des synonymes, des antonymes et du contexte d\u2019usage.<\/p>\n<p>En d\u00e9but d\u2019apr\u00e8s-midi apr\u00e8s le d\u00e9jeuner, l\u2019AFDA a tenu son Assembl\u00e9e G\u00e9n\u00e9rale ordinaire dans l\u2019\u00e9l\u00e9gant cadre de l\u2019Excelsior, au cours de laquelle les bilans moral et financier ont \u00e9t\u00e9 approuv\u00e9s \u00e0 l\u2019unanimit\u00e9, ainsi que l\u2019\u00e9lection du nouveau Comit\u00e9 \u00e9largi de l\u2019AFDA. Cette Assembl\u00e9 g\u00e9n\u00e9rale fera l\u2019objet d\u2019un proc\u00e8s-verbal qui sera diffus\u00e9 bient\u00f4t.<\/p>\n<p>La deuxi\u00e8me partie de la journ\u00e9e s\u2019est \u00e9galement d\u00e9roul\u00e9e dans cette m\u00eame salle, sous le regard bienveillant des portraits d\u2019acteurs\/ vedettes du cin\u00e9ma, alors que l\u2019on \u00e9voquait les \u00abvedettes du lexique \u00bb \u2014 belle co\u00efncidence.<\/p>\n<p>La journ\u00e9e s\u2019est conclue par des remerciements chaleureux et renouvel\u00e9s \u00e0 l\u2019Universit\u00e9 de Lorraine, \u00e0 l\u2019AFDA, ainsi qu\u2019\u00e0 l\u2019ensemble des coll\u00e8gues ayant \u0153uvr\u00e9 avec d\u00e9vouement \u00e0 la r\u00e9ussite de cette manifestation scientifique.<\/p>\n<p>Une publication des actes a \u00e9t\u00e9 d\u00e9cid\u00e9e, en hommage \u00e0 la qualit\u00e9 des interventions et \u00e0 la richesse des \u00e9changes.<\/p>\n<p>Nejmeddine KHALFALLAH,<\/p>\n<p><em>Ma\u00eetre de conf\u00e9rences HDR en arabe \u00e0 l&#8217;Universit\u00e9 de Lorraine<\/em>.<\/p>\n<p><em>Vice-pr\u00e9sident de l\u2019AFDA<\/em><\/p>\n","protected":false},"excerpt":{"rendered":"<p>Compte rendu de la journ\u00e9e d&#8217;\u00e9tudes \u00ab La place du dictionnaire dans l\u2019enseignement de l\u2019arabe \u00bb Universit\u00e9 de Lorraine \u2013 En partenariat avec l\u2019AFDA Samedi 5 avril 2025 Le samedi 5 avril 2025 s\u2019est tenue, \u00e0 l\u2019Universit\u00e9 de Lorraine, en partenariat avec l\u2019AFDA, une journ\u00e9e d\u2019\u00e9tudes consacr\u00e9e \u00e0 la place du dictionnaire dans l\u2019enseignement de &hellip; <a href=\"https:\/\/www.afdaarab.fr\/index.php\/journee-detude-du-5-avril-2025\/\" class=\"more-link\">Continuer la lecture<span class=\"screen-reader-text\"> de &laquo;&nbsp;Journ\u00e9e d&#8217;\u00e9tude du 5 avril 2025&nbsp;&raquo;<\/span><\/a><\/p>\n","protected":false},"author":1,"featured_media":0,"parent":0,"menu_order":0,"comment_status":"closed","ping_status":"closed","template":"","meta":{"sfsi_plus_gutenberg_text_before_share":"","sfsi_plus_gutenberg_show_text_before_share":"","sfsi_plus_gutenberg_icon_type":"","sfsi_plus_gutenberg_icon_alignemt":"","sfsi_plus_gutenburg_max_per_row":"","_kadence_starter_templates_imported_post":false,"footnotes":""},"class_list":["post-1238","page","type-page","status-publish","hentry"],"aioseo_notices":[],"_links":{"self":[{"href":"https:\/\/www.afdaarab.fr\/index.php\/wp-json\/wp\/v2\/pages\/1238","targetHints":{"allow":["GET"]}}],"collection":[{"href":"https:\/\/www.afdaarab.fr\/index.php\/wp-json\/wp\/v2\/pages"}],"about":[{"href":"https:\/\/www.afdaarab.fr\/index.php\/wp-json\/wp\/v2\/types\/page"}],"author":[{"embeddable":true,"href":"https:\/\/www.afdaarab.fr\/index.php\/wp-json\/wp\/v2\/users\/1"}],"replies":[{"embeddable":true,"href":"https:\/\/www.afdaarab.fr\/index.php\/wp-json\/wp\/v2\/comments?post=1238"}],"version-history":[{"count":1,"href":"https:\/\/www.afdaarab.fr\/index.php\/wp-json\/wp\/v2\/pages\/1238\/revisions"}],"predecessor-version":[{"id":1239,"href":"https:\/\/www.afdaarab.fr\/index.php\/wp-json\/wp\/v2\/pages\/1238\/revisions\/1239"}],"wp:attachment":[{"href":"https:\/\/www.afdaarab.fr\/index.php\/wp-json\/wp\/v2\/media?parent=1238"}],"curies":[{"name":"wp","href":"https:\/\/api.w.org\/{rel}","templated":true}]}}